9 + -7. Suppose 24 = -n*r + 5*r. What are the prime factors of r?
2
Suppose 0 = l + 12 + 1. Suppose -4*i + 5 = -83. Let a = i + l. List the prime factors of a.
3
Let v = 8 - 16. Let j(d) = -d**3 - 9*d**2 - 8*d - 2. Let q be j(v). What are the prime factors of q/(-12) + (-214)/(-12)?
2, 3
What are the prime factors of (-583)/(-187) - 3 - 12236/(-34)?
2, 3, 5
Suppose 3 = 3*x - 3. Suppose -4*l + 18 = -2*l. Suppose 3*h - 4*c = -l + 40, x*h - 3*c - 21 = 0. List the prime factors of h.
3
Let y(i) = -14*i - 10. Let r be y(-7). Suppose 5*d + 27 = -5*z + 97, 4*z - 4*d = r. What are the prime factors of z?
2, 3
Let g = 16 - 15. List the prime factors of (18/(-21))/(g/(-35)).
2, 3, 5
Let s = -4 - -6. Suppose -s*u + 7 = -25. List the prime factors of u.
2
Suppose -1 = 4*v + 7. Let n = v - -2. Suppose n = 3*m - 2*m - 4. What are the prime factors of m?
2
Suppose -180 = -3*w + 2*p + 565, 0 = -4*w + p + 985. What are the prime factors of w?
5, 7
What are the prime factors of (-15)/25 + (-69)/(-15)?
2
Let q(t) be the third derivative of t**4/12 + 4*t**3/3 - t**2. What are the prime factors of q(9)?
2, 13
Suppose 2*v + t = -15, 3 = -3*v + v + 3*t. Let f(z) = -z**2 - 1. Let l(q) = -q**3 - q**2 - 7*q + 4. Let k(g) = 6*f(g) + l(g). List the prime factors of k(v).
2
Let x(t) be the third derivative of t**4/12 - 8*t**3/3 - 3*t**2. List the prime factors of x(12).
2
Suppose 10 = 2*q - 0. Suppose 3*r + q*b - 18 = 0, -3 = -2*b + 3*b. What are the prime factors of r?
11
Let t = 8 - 3. Let i = -5 + t. Suppose 0 = 5*f - i*f - 35. List the prime factors of f.
7
Let y be -1*1 + 10 + 60. Suppose 2*b - y = -b. List the prime factors of b.
23
Suppose 0*v - 4*v + 192 = 0. Suppose 132 = m + 4*m - u, -2*u = -2*m + v. What are the prime factors of m?
3
Let d(h) = h + 3. Let c be d(3). Let l = -5 + c. What are the prime factors of (2*l)/((-8)/(-36))?
3
Let t = 12 - 3. List the prime factors of t.
3
Let j = 12 - 10. Suppose 5*k - 3*x = 54, -4*x + 18 = k - x. Suppose -5*r + k = -2*a, j*r + 0*r = a + 4. What are the prime factors of r?
2
Let z(x) = x**3 + 6*x**2 + 12*x - 7. Let o(a) be the first derivative of -a**3/3 + 1. Let k(u) = 6*o(u) - z(u). List the prime factors of k(-11).
2, 3
List the prime factors of (-2)/14 - 3152/(-14).
3, 5
Let c = 31 + -18. Let i = -24 + c. Let h = -8 - i. What are the prime factors of h?
3
Suppose 0 = 2*y + 3*n - 2*n - 69, 102 = 3*y + 2*n. Suppose -3*k + y = -0*k. List the prime factors of k.
2, 3
Suppose 2 + 17 = p. Let g = p + -17. What are the prime factors of g?
2
Suppose -7*d + 3*d - 2*v = -134, 163 = 5*d - 2*v. Suppose -4*i + d = -i. List the prime factors of i.
11
Let j(a) = -a**2 - 1. Let b(n) = n**2 + n + 1. Let f(u) = -5*b(u) - 4*j(u). Let g be f(-4). Suppose 0 = -g*l - l + 8. What are the prime factors of l?
2
Suppose 0 = 15*b - 14*b - 20. What are the prime factors of b?
2, 5
Suppose 6*p = 5*p + 2. Suppose -p*m = 3*m. Suppose a - 26 = -2*f, -5*a + 3*f + 2 + 76 = m. List the prime factors of a.
2, 3
Let q = -22 + 36. List the prime factors of q.
2, 7
Suppose 0 = -2*i + 4*i - 3*m - 125, -3*i + 2*m = -200. List the prime factors of i.
2, 5, 7
Let i = 160 - 99. List the prime factors of i.
61
Let t be (3 + -2)/((-1)/(-20)). Suppose -3*k + 2*k + t = 0. What are the prime factors of k?
2, 5
Let h(t) = -t**3 + 5*t**2 + 9*t - 7. Let k be h(6). Let u = 1 - 6. Let n = u + k. List the prime factors of n.
2, 3
Let v be ((-1)/(-3))/((-8)/(-72)). Suppose 2*l = 7 + v. List the prime factors of l.
5
Let k = -51 + 113. What are the prime factors of k?
2, 31
Suppose -q + 12 + 4 = 0. List the prime factors of q.
2
Let v = 1 - -2. Suppose -l = 2*l - v. What are the prime factors of 1 - 0 - (l - 6)?
2, 3
Let o(b) = b - 2. Suppose -5*w = -4*d + 6, 5*w + 0*d + 5*d = 30. Let g be o(w). List the prime factors of (9/3 - g) + -1.
2
Let t be (-393)/(-12) + 5/20. Let y = -4 + t. What are the prime factors of y?
29
Suppose -c - 5*w = -17, -5*w + 5 = -10. List the prime factors of 5/2 + c/4.
3
Let y be ((-1 - 1) + -18)/(-1). Suppose 3*n - 23 = -0*n - p, y = 4*p. List the prime factors of n.
2, 3
Suppose 0 = -2*a + 122 + 146. Suppose -5*v + m = -a, 2*m + 4 = 6*m. List the prime factors of v.
3
Let k(s) = 2*s - 6. Let x(o) = -o**2. Let a be x(0). Suppose a = -0*u - 3*u + 12. What are the prime factors of k(u)?
2
Let i(p) = p - 1. Let x be i(1). Suppose 2*y + 2*y + 40 = x. Let n = -4 - y. List the prime factors of n.
2, 3
Suppose 5*j + a - 11 = 12, 2*a = 4*j - 24. Let r = 0 + j. Suppose -r*u + 16 = -29. What are the prime factors of u?
3
List the prime factors of (-5 - -6)/(2/142).
71
Suppose o - 2*j - 1 = -4*j, j = -5*o - 4. Let g = -1 + 7. Let v = g + o. List the prime factors of v.
5
Suppose 2*w + 4 = 5*b, 6 = -3*b - b - 3*w. Suppose -3*l + 55 = 2*l. Suppose 0 = o - b - l. What are the prime factors of o?
11
List the prime factors of 2472/60 + (-1)/5.
41
Let q(i) be the first derivative of -i**4/12 - 11*i**3/6 + 7*i**2 + 3*i + 2. Let g(c) be the first derivative of q(c). What are the prime factors of g(-11)?
2, 7
Let f(r) = -r**2 + 6*r. Let g(m) = 50*m + 0*m**2 - 27*m - 4*m**2. Let i(t) = 22*f(t) - 6*g(t). List the prime factors of i(4).
2
Let o = -6 + 8. Suppose o*t + 2*x = t - 3, 0 = -2*t - 3*x - 3. Suppose t*k + 2*j = 3*j + 46, -k = 3*j - 2. List the prime factors of k.
2, 7
Let v = 77 + -39. What are the prime factors of v?
2, 19
Let y(b) = 2*b**3 - 3*b**2 - 3*b. Suppose 0 = -5*k + k + 12. What are the prime factors of y(k)?
2, 3
Let y(r) = 2*r + 10. Suppose -6*i + 2*i = 0. List the prime factors of y(i).
2, 5
Suppose 5*b - 4 - 11 = 0. Suppose 4*q - 4 = b*q. Suppose -8 = 3*u - q*r, -u + 6 = -2*u + 2*r. List the prime factors of u.
2
Let s(w) = 5*w**2 + 2*w - 4. Let b(t) = -9*t**2 - 4*t + 7. Let r(f) = 6*b(f) + 11*s(f). List the prime factors of r(5).
13
Let n = -5 + 11. Let z be (4/6)/(n/171). Suppose -i = 4*a - z, -2*a = -i - 3 - 2. What are the prime factors of i?
3
Suppose -4*l - 2*s + 7*s - 29 = 0, 3*l + 22 = 4*s. What are the prime factors of (-5)/30 + (-103)/l?
17
Let a = -16 - -10. Let y = 2 - a. What are the prime factors of 6/(2 - 13/y)?
2
Suppose 0 = -0*s - 3*s + 18. Let x be (2 - (-1 + -1))*1. Let j = x + s. What are the prime factors of j?
2, 5
Suppose -64 = -0*p - 2*p. Suppose -53 = -5*x + p. List the prime factors of x.
17
Suppose 6*b = 3*b + 12. Suppose 9 = 2*o - 3. List the prime factors of o/b*(-8)/(-6).
2
Suppose 0 = 2*x - 17 - 7. List the prime factors of (-210)/x*(-36)/21.
2, 3, 5
Suppose -2*h + 4*o = -92, 11*h + 5*o - 275 = 6*h. List the prime factors of h.
2, 13
Let q be (-10)/(-6)*(2 - -1). Let s(g) = -g + q - g + g. List the prime factors of s(-5).
2, 5
Let z(r) = -r**2 - 4*r + 1. Suppose -11 = -c + 3*t - 29, 9 = 2*c + 3*t. What are the prime factors of z(c)?
2
Suppose -2*x = 4*o - x - 18, -5*o + 3*x + 31 = 0. List the prime factors of o.
5
Let u = 14 - 11. Suppose -u*c + 72 = 4*a, -c + 1 - 5 = 0. What are the prime factors of a?
3, 7
List the prime factors of 135/(-3*(-2)/(-18)*-3).
3, 5
Suppose -5*l - 121 = 2*p + 2*p, -2 = 2*l. Let o = p + 42. What are the prime factors of o?
13
Let g(y) = -y**2 + 9*y - 4. Let j be g(8). Suppose -4*s - 10 = -2, 4*l = j*s + 24. Let n = l + -1. What are the prime factors of n?
3
Let x(a) = a + 25. What are the prime factors of x(13)?
2, 19
Let o = 24 - -20. What are the prime factors of o?
2, 11
Let w = 38 - 17. What are the prime factors of w?
3, 7
Let i(t) = 5*t**2 - 1. Let y be i(1). Suppose -y*q + 4 = -n, 3*q - 5*n = q + 20. Suppose 0 = 2*g - 4 - q. List the prime factors of g.
2
Let v(l) = l - 4. Let k be v(8). Suppose -i + 100 = k*i. List the prime factors of i.
2, 5
Let n(c) = c**2 - 7*c - 1. Let b be n(7). Suppose -6 = -3*t - 0. List the prime factors of t + (-3 - b) + 11.
11
Let k = 18 - 11. Suppose k = -5*d + 177. List the prime factors of d.
2, 17
Suppose 0 = -4*s - 20, 3*r + 6*s = s + 242. What are the prime factors of r?
89
Let z(w) = -22*w**2 + 7*w - 4. Let f(t) = -11*t**2 + 3*t - 2. Let l(u) = -13*f(u) + 6*z(u). List the prime factors of l(-2).
2, 5
Let x = -1 + -3. Let v be (-7)/(3 + x)*4. Suppose -5*t - 2*y + 89 = -4*y, 3*y = -t + v. List the prime factors of t.
19
Suppose l = 3*n - 6 - 3, -3*l = 3*n - 9. Suppose -7 - 5 = n*d. List the prime factors of (15/(-5))/(2/d).
2, 3
Let m(v) = 2*